{"id":182,"date":"2017-06-28T12:37:31","date_gmt":"2017-06-28T09:37:31","guid":{"rendered":"http:\/\/www.karelia.fi\/digisote\/?page_id=182"},"modified":"2018-06-21T14:19:23","modified_gmt":"2018-06-21T11:19:23","slug":"eammattilaiset","status":"publish","type":"page","link":"https:\/\/vanha.karelia.fi\/digisote\/eammattilaiset\/","title":{"rendered":"eAmmattilaiset"},"content":{"rendered":"\n<div class=\"twitter-share\"><a href=\"https:\/\/twitter.com\/intent\/tweet?via=pkdigisote\" class=\"twitter-share-button\">Twiittaa<\/a><\/div>\n<p>&nbsp;<\/p>\n<p><img loading=\"lazy\" decoding=\"async\" class=\"aligncenter size-large wp-image-742\" src=\"http:\/\/www.karelia.fi\/digisote\/wp-content\/uploads\/2018\/06\/shutterstock_678545485-1024x683.jpg\" alt=\"\" width=\"525\" height=\"350\" srcset=\"https:\/\/vanha.karelia.fi\/digisote\/wp-content\/uploads\/2018\/06\/shutterstock_678545485-1024x683.jpg 1024w, https:\/\/vanha.karelia.fi\/digisote\/wp-content\/uploads\/2018\/06\/shutterstock_678545485-300x200.jpg 300w, https:\/\/vanha.karelia.fi\/digisote\/wp-content\/uploads\/2018\/06\/shutterstock_678545485-768x512.jpg 768w\" sizes=\"(max-width: 525px) 100vw, 525px\" \/><\/p>\n<p>DigiSote-hankkeen aikana kehitet\u00e4\u00e4n eAmmattilaisen osaamisen kehittymispolku ja siihen liittyv\u00e4t valmennuskokonaisuudet ja -materiaalit. Hankkeessa toteutetut nopeat digitaalisten palvelujen kokeilut toimivat eAmmattilaisten osaamisen kehitt\u00e4misen alustana.<\/p>\n<p>Valmennuksia toteutetaan sek\u00e4 julkisen sektorin ett\u00e4 yritysten ja kolmannen sektorin kanssa. Lis\u00e4tietoja <a href=\"http:\/\/www.karelia.fi\/digisote\/siun-sote\/\" target=\"_blank\" rel=\"noopener\">Siun soten eAmmattilaisten valmennuksesta ja esimiesten digijohtamisen valmennuksesta<\/a> ja <a href=\"http:\/\/www.karelia.fi\/digisote\/digikiihdyttamo\/\" target=\"_blank\" rel=\"noopener\">Digikiihdytt\u00e4m\u00f6st\u00e4<\/a>, joka on suunnattu yrityksille ja j\u00e4rjest\u00f6ille.<\/p>\n<p>eAmmattilaisuuteen liittyvien osaamistarpeiden m\u00e4\u00e4ritysty\u00f6t\u00e4 tehd\u00e4\u00e4n yhdess\u00e4 Pohjois-Savon DigiSote hankkeen kanssa.<\/p>\n<p>eAmmattilaisten valmennukseen osallistuneet sosiaali- ja terveysalan ammattilaiset pohtivat kev\u00e4\u00e4n 2018 valmennuskerralla eAmmattilaisen roolia ja teht\u00e4vi\u00e4. Kurkista valmennuksessa tehdylt\u00e4 videolta <a href=\"https:\/\/drive.google.com\/file\/d\/1BaPzZ9ny5wG-gkBKDwuOfT-Z0tORr-Z4\/view?usp=sharing\" target=\"_blank\" rel=\"noopener\">Ajatuksia eAmmattilaisuudesta<\/a>, mitk\u00e4 seikat nousivat keskusteluissa esiin.<\/p>\n","protected":false},"excerpt":{"rendered":"<p>&nbsp; DigiSote-hankkeen aikana kehitet\u00e4\u00e4n eAmmattilaisen osaamisen kehittymispolku ja siihen liittyv\u00e4t valmennuskokonaisuudet ja -materiaalit. Hankkeessa toteutetut nopeat digitaalisten palvelujen kokeilut toimivat eAmmattilaisten osaamisen kehitt\u00e4misen alustana. Valmennuksia toteutetaan sek\u00e4 julkisen sektorin ett\u00e4 yritysten ja kolmannen sektorin kanssa. Lis\u00e4tietoja Siun soten eAmmattilaisten valmennuksesta ja esimiesten digijohtamisen valmennuksesta ja Digikiihdytt\u00e4m\u00f6st\u00e4, joka on suunnattu yrityksille ja j\u00e4rjest\u00f6ille. eAmmattilaisuuteen liittyvien osaamistarpeiden &hellip; <\/p>\n<p class=\"link-more\"><a href=\"https:\/\/vanha.karelia.fi\/digisote\/eammattilaiset\/\" class=\"more-link\">Jatka lukemista<span class=\"screen-reader-text\"> &#8221;eAmmattilaiset&#8221;<\/span><\/a><\/p>\n","protected":false},"author":13,"featured_media":304,"parent":0,"menu_order":0,"comment_status":"closed","ping_status":"closed","template":"","meta":{"footnotes":""},"tags":[],"_links":{"self":[{"href":"https:\/\/vanha.karelia.fi\/digisote\/wp-json\/wp\/v2\/pages\/182"}],"collection":[{"href":"https:\/\/vanha.karelia.fi\/digisote\/wp-json\/wp\/v2\/pages"}],"about":[{"href":"https:\/\/vanha.karelia.fi\/digisote\/wp-json\/wp\/v2\/types\/page"}],"author":[{"embeddable":true,"href":"https:\/\/vanha.karelia.fi\/digisote\/wp-json\/wp\/v2\/users\/13"}],"replies":[{"embeddable":true,"href":"https:\/\/vanha.karelia.fi\/digisote\/wp-json\/wp\/v2\/comments?post=182"}],"version-history":[{"count":6,"href":"https:\/\/vanha.karelia.fi\/digisote\/wp-json\/wp\/v2\/pages\/182\/revisions"}],"predecessor-version":[{"id":745,"href":"https:\/\/vanha.karelia.fi\/digisote\/wp-json\/wp\/v2\/pages\/182\/revisions\/745"}],"wp:featuredmedia":[{"embeddable":true,"href":"https:\/\/vanha.karelia.fi\/digisote\/wp-json\/wp\/v2\/media\/304"}],"wp:attachment":[{"href":"https:\/\/vanha.karelia.fi\/digisote\/wp-json\/wp\/v2\/media?parent=182"}],"wp:term":[{"taxonomy":"post_tag","embeddable":true,"href":"https:\/\/vanha.karelia.fi\/digisote\/wp-json\/wp\/v2\/tags?post=182"}],"curies":[{"name":"wp","href":"https:\/\/api.w.org\/{rel}","templated":true}]}}