{"id":237,"date":"2017-05-29T11:05:28","date_gmt":"2017-05-29T08:05:28","guid":{"rendered":"http:\/\/www.karelia.fi\/digisote\/?page_id=237"},"modified":"2018-01-25T13:16:08","modified_gmt":"2018-01-25T11:16:08","slug":"balansio-diabeteksen-etahoito","status":"publish","type":"page","link":"https:\/\/vanha.karelia.fi\/digisote\/balansio-diabeteksen-etahoito\/","title":{"rendered":"Diabeteksen et\u00e4hoito"},"content":{"rendered":"\n<div class=\"twitter-share\"><a href=\"https:\/\/twitter.com\/intent\/tweet?via=pkdigisote\" class=\"twitter-share-button\">Twiittaa<\/a><\/div>\n<p>DigiSote k\u00e4ynnisti diabeteksen et\u00e4hoito -kokeilun 11.5.2017 Quattro Folia yrityksen Balansio sovelluksella. Balansio -sovelluksella halutaan kokeilla diabeteksen seurantaan nopeampaa reagointia ja asiakasl\u00e4ht\u00f6isyytt\u00e4.<\/p>\n<p>Balansio -sovellus k\u00e4sitt\u00e4\u00e4 molempien niin asiakkaan kuin ammattilaisen oman k\u00e4ytt\u00f6liittym\u00e4n. Asiakkaan sovellus k\u00e4sitt\u00e4\u00e4 Android alustalla toimivan mobiilisovelluksen sek\u00e4 sovelluksen kanssa yhteydess\u00e4 olevan et\u00e4luettavan verensokerimittarin, joka siirt\u00e4\u00e4 mittaukset sovellukseen.<\/p>\n<p>Balansio -sovelluksella mitatut verensokeriarvot ja nautitut hiilihydraatti siirtyv\u00e4t ammattilaisen n\u00e4ytt\u00f6p\u00e4\u00e4tteell\u00e4 toimivaan selainsovellukseen, josta ammattilainen voi suorittaa sairauden seurantaa ja antaa jopa ohjeita asiakkaalle sovelluksen sis\u00e4\u00e4n rakennetulla chat-pikaviestint\u00e4 ominaisuudella tietoturvallisesti.<\/p>\n<p>Kokeilu kulkua arvioidaan kuukausittain pidett\u00e4vill\u00e4 asiakas- ja ammattilaisarvioinneilla, jossa my\u00f6s sovelluksen kehitt\u00e4j\u00e4t p\u00e4\u00e4sev\u00e4t kuulemaan kokemuksia ja palautetta kokeilun edetess\u00e4. Kokeilu kest\u00e4\u00e4 syyskuun 2017 loppuun.<\/p>\n<p>Lis\u00e4tietoja <a href=\"https:\/\/www.balansio.com\/\" target=\"_blank\" rel=\"noopener\">Balansio <\/a>-sovelluksesta!<\/p>\n","protected":false},"excerpt":{"rendered":"<p>DigiSote k\u00e4ynnisti diabeteksen et\u00e4hoito -kokeilun 11.5.2017 Quattro Folia yrityksen Balansio sovelluksella. Balansio -sovelluksella halutaan kokeilla diabeteksen seurantaan nopeampaa reagointia ja asiakasl\u00e4ht\u00f6isyytt\u00e4. Balansio -sovellus k\u00e4sitt\u00e4\u00e4 molempien niin asiakkaan kuin ammattilaisen oman k\u00e4ytt\u00f6liittym\u00e4n. Asiakkaan sovellus k\u00e4sitt\u00e4\u00e4 Android alustalla toimivan mobiilisovelluksen sek\u00e4 sovelluksen kanssa yhteydess\u00e4 olevan et\u00e4luettavan verensokerimittarin, joka siirt\u00e4\u00e4 mittaukset sovellukseen. Balansio -sovelluksella mitatut verensokeriarvot ja nautitut &hellip; <\/p>\n<p class=\"link-more\"><a href=\"https:\/\/vanha.karelia.fi\/digisote\/balansio-diabeteksen-etahoito\/\" class=\"more-link\">Jatka lukemista<span class=\"screen-reader-text\"> &#8221;Diabeteksen et\u00e4hoito&#8221;<\/span><\/a><\/p>\n","protected":false},"author":13,"featured_media":262,"parent":0,"menu_order":0,"comment_status":"closed","ping_status":"closed","template":"","meta":{"footnotes":""},"tags":[],"_links":{"self":[{"href":"https:\/\/vanha.karelia.fi\/digisote\/wp-json\/wp\/v2\/pages\/237"}],"collection":[{"href":"https:\/\/vanha.karelia.fi\/digisote\/wp-json\/wp\/v2\/pages"}],"about":[{"href":"https:\/\/vanha.karelia.fi\/digisote\/wp-json\/wp\/v2\/types\/page"}],"author":[{"embeddable":true,"href":"https:\/\/vanha.karelia.fi\/digisote\/wp-json\/wp\/v2\/users\/13"}],"replies":[{"embeddable":true,"href":"https:\/\/vanha.karelia.fi\/digisote\/wp-json\/wp\/v2\/comments?post=237"}],"version-history":[{"count":4,"href":"https:\/\/vanha.karelia.fi\/digisote\/wp-json\/wp\/v2\/pages\/237\/revisions"}],"predecessor-version":[{"id":538,"href":"https:\/\/vanha.karelia.fi\/digisote\/wp-json\/wp\/v2\/pages\/237\/revisions\/538"}],"wp:featuredmedia":[{"embeddable":true,"href":"https:\/\/vanha.karelia.fi\/digisote\/wp-json\/wp\/v2\/media\/262"}],"wp:attachment":[{"href":"https:\/\/vanha.karelia.fi\/digisote\/wp-json\/wp\/v2\/media?parent=237"}],"wp:term":[{"taxonomy":"post_tag","embeddable":true,"href":"https:\/\/vanha.karelia.fi\/digisote\/wp-json\/wp\/v2\/tags?post=237"}],"curies":[{"name":"wp","href":"https:\/\/api.w.org\/{rel}","templated":true}]}}