{"id":306,"date":"2018-03-21T15:31:48","date_gmt":"2018-03-21T13:31:48","guid":{"rendered":"http:\/\/www.karelia.fi\/fi\/moni-toimii\/?page_id=306"},"modified":"2018-03-23T08:17:49","modified_gmt":"2018-03-23T06:17:49","slug":"kysymys4","status":"publish","type":"page","link":"https:\/\/vanha.karelia.fi\/fi\/moni-toimii\/itsearviointitesti-tyontekijalle\/kysymys4\/","title":{"rendered":"Kysymys4"},"content":{"rendered":"<p>[et_pb_section bb_built=&#8221;1&#8243; _builder_version=&#8221;3.0.98&#8243; module_class=&#8221;background-green&#8221;][et_pb_row _builder_version=&#8221;3.0.98&#8243; use_custom_width=&#8221;on&#8221; custom_width_px=&#8221;700px&#8221;][et_pb_column type=&#8221;4_4&#8243;][et_pb_text admin_label=&#8221;Edellisen kysymyksen vastaus&#8221; _builder_version=&#8221;3.0.98&#8243; background_layout=&#8221;light&#8221; module_class=&#8221;introteksti vaaka&#8221;]<\/p>\n<p>&#8221;Kiinnitt\u00e4m\u00e4ll\u00e4 huomiota omaan k\u00e4ytt\u00e4ytymiseen tai reaktioihin tai ty\u00f6n tekemisen tapoihin p\u00e4\u00e4see kiinni my\u00f6s ty\u00f6yhteis\u00f6n moninaisuuteen. Erilaisuuden arkip\u00e4iv\u00e4istyminen on omiaan lis\u00e4\u00e4m\u00e4\u00e4n suvaitsevaisuutta ty\u00f6yhteis\u00f6n j\u00e4senten kesken. Oma aktiivisuus ja aloitteellisuus eri tilanteissa voi lis\u00e4t\u00e4 ty\u00f6yhteis\u00f6n avoimuutta ja hyv\u00e4\u00e4 ilmapiiri\u00e4.&#8221;<\/p>\n<p>[\/et_pb_text][\/et_pb_column][\/et_pb_row][et_pb_row _builder_version=&#8221;3.0.98&#8243; use_custom_width=&#8221;on&#8221; custom_width_px=&#8221;700px&#8221;][et_pb_column type=&#8221;4_4&#8243;][et_pb_text admin_label=&#8221;Kysymys&#8221; _builder_version=&#8221;3.0.98&#8243; background_layout=&#8221;light&#8221; module_class=&#8221;kysely-otsikko&#8221;]<\/p>\n<p>4. Mit\u00e4 mahdollisuuksia ty\u00f6yhteis\u00f6n moninaisuus on tuonut omaan ty\u00f6h\u00f6si?<\/p>\n<p>[\/et_pb_text][et_pb_text admin_label=&#8221;Vastausvaihtoehdot&#8221; _builder_version=&#8221;3.0.98&#8243; background_layout=&#8221;light&#8221; module_class=&#8221;vastausvaihtoehdot&#8221;]<\/p>\n<form>\n    <input type=\"checkbox\">Mahdollisuus oppia toisilta<br \/>\n    <input type=\"checkbox\">Suvaitsevaisuuden lis\u00e4\u00e4ntyminen<br \/>\n    <input type=\"checkbox\">Kielitaidon kehitt\u00e4minen<br \/>\n    <input type=\"checkbox\">Verkostojen laajeneminen<br \/>\n    <input type=\"checkbox\">Oman ty\u00f6ntekemisen tapojen tunnistaminen<br \/>\n<\/form>\n<p>[\/et_pb_text][et_pb_text admin_label=&#8221;Kyselynappula&#8221; _builder_version=&#8221;3.0.98&#8243; background_layout=&#8221;light&#8221; module_class=&#8221;kysely-nappula&#8221;]<\/p>\n<p><a href=\"\/moni-toimii\/itsearviointitesti-tyontekijalle\/kysymys5\">&gt;<\/a><\/p>\n<p>[\/et_pb_text][\/et_pb_column][\/et_pb_row][\/et_pb_section]<\/p>\n","protected":false},"excerpt":{"rendered":"<p>[et_pb_section bb_built=&#8221;1&#8243; _builder_version=&#8221;3.0.98&#8243; module_class=&#8221;background-green&#8221;][et_pb_row _builder_version=&#8221;3.0.98&#8243; use_custom_width=&#8221;on&#8221; custom_width_px=&#8221;700px&#8221;][et_pb_column type=&#8221;4_4&#8243;][et_pb_text admin_label=&#8221;Edellisen kysymyksen vastaus&#8221; _builder_version=&#8221;3.0.98&#8243; background_layout=&#8221;light&#8221; module_class=&#8221;introteksti vaaka&#8221;] &#8221;Kiinnitt\u00e4m\u00e4ll\u00e4 huomiota omaan k\u00e4ytt\u00e4ytymiseen tai reaktioihin tai ty\u00f6n tekemisen tapoihin p\u00e4\u00e4see kiinni my\u00f6s ty\u00f6yhteis\u00f6n moninaisuuteen. Erilaisuuden arkip\u00e4iv\u00e4istyminen on omiaan lis\u00e4\u00e4m\u00e4\u00e4n suvaitsevaisuutta ty\u00f6yhteis\u00f6n j\u00e4senten kesken. Oma aktiivisuus ja aloitteellisuus eri tilanteissa voi lis\u00e4t\u00e4 ty\u00f6yhteis\u00f6n avoimuutta ja hyv\u00e4\u00e4 ilmapiiri\u00e4.&#8221; [\/et_pb_text][\/et_pb_column][\/et_pb_row][et_pb_row _builder_version=&#8221;3.0.98&#8243; use_custom_width=&#8221;on&#8221; [&hellip;]<\/p>\n","protected":false},"author":1,"featured_media":0,"parent":257,"menu_order":0,"comment_status":"closed","ping_status":"closed","template":"","meta":[],"_links":{"self":[{"href":"https:\/\/vanha.karelia.fi\/fi\/moni-toimii\/wp-json\/wp\/v2\/pages\/306"}],"collection":[{"href":"https:\/\/vanha.karelia.fi\/fi\/moni-toimii\/wp-json\/wp\/v2\/pages"}],"about":[{"href":"https:\/\/vanha.karelia.fi\/fi\/moni-toimii\/wp-json\/wp\/v2\/types\/page"}],"author":[{"embeddable":true,"href":"https:\/\/vanha.karelia.fi\/fi\/moni-toimii\/wp-json\/wp\/v2\/users\/1"}],"replies":[{"embeddable":true,"href":"https:\/\/vanha.karelia.fi\/fi\/moni-toimii\/wp-json\/wp\/v2\/comments?post=306"}],"version-history":[{"count":1,"href":"https:\/\/vanha.karelia.fi\/fi\/moni-toimii\/wp-json\/wp\/v2\/pages\/306\/revisions"}],"predecessor-version":[{"id":331,"href":"https:\/\/vanha.karelia.fi\/fi\/moni-toimii\/wp-json\/wp\/v2\/pages\/306\/revisions\/331"}],"up":[{"embeddable":true,"href":"https:\/\/vanha.karelia.fi\/fi\/moni-toimii\/wp-json\/wp\/v2\/pages\/257"}],"wp:attachment":[{"href":"https:\/\/vanha.karelia.fi\/fi\/moni-toimii\/wp-json\/wp\/v2\/media?parent=306"}],"curies":[{"name":"wp","href":"https:\/\/api.w.org\/{rel}","templated":true}]}}