{"id":1125,"date":"2020-12-21T08:17:42","date_gmt":"2020-12-21T06:17:42","guid":{"rendered":"https:\/\/vanha.karelia.fi\/korkeakoulustartti\/?page_id=1125"},"modified":"2021-01-04T08:09:17","modified_gmt":"2021-01-04T06:09:17","slug":"palaset-paikalleen-peli","status":"publish","type":"page","link":"https:\/\/vanha.karelia.fi\/korkeakoulustartti\/palaset-paikalleen-peli\/","title":{"rendered":"Palaset paikalleen -peli"},"content":{"rendered":"<p><div class=\"fusion-fullwidth fullwidth-box fusion-builder-row-1 fusion-flex-container nonhundred-percent-fullwidth non-hundred-percent-height-scrolling\" style=\"background-color: rgba(255,255,255,0);background-position: center center;background-repeat: no-repeat;border-width: 0px 0px 0px 0px;border-color:#eae9e9;border-style:solid;\" ><div class=\"fusion-builder-row fusion-row fusion-flex-align-items-flex-start\" style=\"max-width:1248px;margin-left: calc(-4% \/ 2 );margin-right: calc(-4% \/ 2 );\"><div class=\"fusion-layout-column fusion_builder_column fusion-builder-column-0 fusion_builder_column_2_3 2_3 fusion-flex-column\"><div class=\"fusion-column-wrapper fusion-flex-justify-content-flex-start fusion-content-layout-column\" style=\"background-position:left top;background-repeat:no-repeat;-webkit-background-size:cover;-moz-background-size:cover;-o-background-size:cover;background-size:cover;padding: 0px 0px 0px 0px;\"><div class=\"fusion-text fusion-text-1\"><p><strong>Palaset Paikalleen on helppo ja vuorovaikutteinen tapa tehd\u00e4 urasuunnittelua.<\/strong><\/p>\n<p>Pelin teht\u00e4v\u00e4t suorittamalla tutustut uraohjausmallin viiteen osa-alueeseen: Itsetuntemus, Ty\u00f6el\u00e4m\u00e4tietous, Korkeakoulutietous, El\u00e4m\u00e4ntilanne ja Valintojen tekeminen. Pelin aikana vahvistat itsetuntemustasi, saat tietoa korkeakouluopinnoista ja ty\u00f6el\u00e4m\u00e4st\u00e4.Lopputuloksena saat joukon sinua kiinnostavia opiskelualoja. T\u00e4m\u00e4 tieto voi toimia pohjana tulevaisuutesi suunnittelulle ja auttaa sinua sopivan opiskelupaikan valinnassa. Ota ensimm\u00e4inen askel urasuunnittelun polulla ja klikkaa itsesi mukaan Palaset paikalleen peliin t\u00e4st\u00e4\u00a0 <a href=\"https:\/\/palaset-paikalleen.karelia.fi\/\">https:\/\/palaset-paikalleen.karelia.fi\/<\/a><\/p>\n<p>Pelin esittelev\u00e4n ohjevideon l\u00f6yd\u00e4t t\u00e4st\u00e4 linkist\u00e4: <a title=\"Palaset paikalleen -pelin ohjevideo\" href=\"https:\/\/youtu.be\/9zIU1o12W30\">https:\/\/youtu.be\/9zIU1o12W30<\/a><\/p>\n<\/div><div ><span class=\" fusion-imageframe imageframe-none imageframe-1 hover-type-none\" style=\"width:100%;max-width:300px;\"><img decoding=\"async\" width=\"473\" height=\"1024\" alt=\"Kuva palaset paikalleen -pelist\u00e4\" title=\"Screenshot_20201218-100402_Chrome\" src=\"https:\/\/vanha.karelia.fi\/korkeakoulustartti\/wp-content\/uploads\/2021\/01\/Screenshot_20201218-100402_Chrome-473x1024.jpg\" class=\"img-responsive wp-image-1248\" srcset=\"https:\/\/vanha.karelia.fi\/korkeakoulustartti\/wp-content\/uploads\/2021\/01\/Screenshot_20201218-100402_Chrome-200x433.jpg 200w, https:\/\/vanha.karelia.fi\/korkeakoulustartti\/wp-content\/uploads\/2021\/01\/Screenshot_20201218-100402_Chrome-400x867.jpg 400w, https:\/\/vanha.karelia.fi\/korkeakoulustartti\/wp-content\/uploads\/2021\/01\/Screenshot_20201218-100402_Chrome-600x1300.jpg 600w, https:\/\/vanha.karelia.fi\/korkeakoulustartti\/wp-content\/uploads\/2021\/01\/Screenshot_20201218-100402_Chrome-800x1733.jpg 800w, https:\/\/vanha.karelia.fi\/korkeakoulustartti\/wp-content\/uploads\/2021\/01\/Screenshot_20201218-100402_Chrome.jpg 1080w\" sizes=\"(max-width: 1024px) 100vw, (max-width: 640px) 100vw, 800px\" \/><\/span><\/div><\/div><\/div><style type=\"text\/css\">.fusion-body .fusion-builder-column-0{width:66.666666666667% !important;margin-top : 0px;margin-bottom : 0px;}.fusion-builder-column-0 > .fusion-column-wrapper {padding-top : 0px !important;padding-right : 0px !important;margin-right : 3.84%;padding-bottom : 0px !important;padding-left : 0px !important;margin-left : 2.88%;}@media only screen and (max-width:1024px) {.fusion-body .fusion-builder-column-0{width:100% !important;}.fusion-builder-column-0 > .fusion-column-wrapper {margin-right : 1.92%;margin-left : 1.92%;}}@media only screen and (max-width:640px) {.fusion-body .fusion-builder-column-0{width:100% !important;}.fusion-builder-column-0 > .fusion-column-wrapper {margin-right : 1.92%;margin-left : 1.92%;}}<\/style><div class=\"fusion-layout-column fusion_builder_column fusion-builder-column-1 fusion_builder_column_1_3 1_3 fusion-flex-column\"><div class=\"fusion-column-wrapper fusion-flex-justify-content-flex-start fusion-content-layout-column\" style=\"background-position:left top;background-repeat:no-repeat;-webkit-background-size:cover;-moz-background-size:cover;-o-background-size:cover;background-size:cover;padding: 0px 0px 0px 0px;\"><div ><span class=\" fusion-imageframe imageframe-none imageframe-2 hover-type-none\" style=\"width:100%;max-width:300px;\"><img decoding=\"async\" width=\"450\" height=\"1024\" alt=\"Kuva palaset paikalleen-pelist\u00e4\" title=\"Screenshot_20201218-100311_Chrome\" src=\"https:\/\/vanha.karelia.fi\/korkeakoulustartti\/wp-content\/uploads\/2021\/01\/Screenshot_20201218-100311_Chrome-450x1024.jpg\" class=\"img-responsive wp-image-1246\" srcset=\"https:\/\/vanha.karelia.fi\/korkeakoulustartti\/wp-content\/uploads\/2021\/01\/Screenshot_20201218-100311_Chrome-200x455.jpg 200w, https:\/\/vanha.karelia.fi\/korkeakoulustartti\/wp-content\/uploads\/2021\/01\/Screenshot_20201218-100311_Chrome-400x910.jpg 400w, https:\/\/vanha.karelia.fi\/korkeakoulustartti\/wp-content\/uploads\/2021\/01\/Screenshot_20201218-100311_Chrome-600x1364.jpg 600w, https:\/\/vanha.karelia.fi\/korkeakoulustartti\/wp-content\/uploads\/2021\/01\/Screenshot_20201218-100311_Chrome-800x1819.jpg 800w, https:\/\/vanha.karelia.fi\/korkeakoulustartti\/wp-content\/uploads\/2021\/01\/Screenshot_20201218-100311_Chrome.jpg 810w\" sizes=\"(max-width: 1024px) 100vw, (max-width: 640px) 100vw, 400px\" \/><\/span><\/div><\/div><\/div><style type=\"text\/css\">.fusion-body .fusion-builder-column-1{width:33.333333333333% !important;margin-top : 10px;margin-bottom : 10px;}.fusion-builder-column-1 > .fusion-column-wrapper {padding-top : 0px !important;padding-right : 0px !important;margin-right : 5.76%;padding-bottom : 0px !important;padding-left : 0px !important;margin-left : 5.76%;}@media only screen and (max-width:1024px) {.fusion-body .fusion-builder-column-1{width:100% !important;order : 0;}.fusion-builder-column-1 > .fusion-column-wrapper {margin-right : 1.92%;margin-left : 1.92%;}}@media only screen and (max-width:640px) {.fusion-body .fusion-builder-column-1{width:100% !important;order : 0;}.fusion-builder-column-1 > .fusion-column-wrapper {margin-right : 1.92%;margin-left : 1.92%;}}<\/style><\/div><style type=\"text\/css\">.fusion-body .fusion-flex-container.fusion-builder-row-1{ padding-top : 0px;margin-top : 0px;padding-right : 25px;padding-bottom : 25px;margin-bottom : 0px;padding-left : 25px;}<\/style><\/div><div class=\"fusion-fullwidth fullwidth-box fusion-builder-row-2 fusion-flex-container nonhundred-percent-fullwidth non-hundred-percent-height-scrolling\" style=\"background-color: rgba(255,255,255,0);background-position: center center;background-repeat: no-repeat;border-width: 0px 0px 0px 0px;border-color:#eae9e9;border-style:solid;\" ><div class=\"fusion-builder-row fusion-row fusion-flex-align-items-flex-start\" style=\"max-width:1248px;margin-left: calc(-4% \/ 2 );margin-right: calc(-4% \/ 2 );\"><\/div><style type=\"text\/css\">.fusion-body .fusion-flex-container.fusion-builder-row-2{ padding-top : 0px;margin-top : 0px;padding-right : 25px;padding-bottom : 25px;margin-bottom : 0px;padding-left : 25px;}<\/style><\/div><\/p>\n","protected":false},"excerpt":{"rendered":"","protected":false},"author":13,"featured_media":0,"parent":0,"menu_order":0,"comment_status":"closed","ping_status":"closed","template":"","meta":{"_exactmetrics_skip_tracking":false,"_exactmetrics_sitenote_active":false,"_exactmetrics_sitenote_note":"","_exactmetrics_sitenote_category":0,"footnotes":""},"class_list":["post-1125","page","type-page","status-publish","hentry"],"aioseo_notices":[],"_links":{"self":[{"href":"https:\/\/vanha.karelia.fi\/korkeakoulustartti\/wp-json\/wp\/v2\/pages\/1125"}],"collection":[{"href":"https:\/\/vanha.karelia.fi\/korkeakoulustartti\/wp-json\/wp\/v2\/pages"}],"about":[{"href":"https:\/\/vanha.karelia.fi\/korkeakoulustartti\/wp-json\/wp\/v2\/types\/page"}],"author":[{"embeddable":true,"href":"https:\/\/vanha.karelia.fi\/korkeakoulustartti\/wp-json\/wp\/v2\/users\/13"}],"replies":[{"embeddable":true,"href":"https:\/\/vanha.karelia.fi\/korkeakoulustartti\/wp-json\/wp\/v2\/comments?post=1125"}],"version-history":[{"count":10,"href":"https:\/\/vanha.karelia.fi\/korkeakoulustartti\/wp-json\/wp\/v2\/pages\/1125\/revisions"}],"predecessor-version":[{"id":1254,"href":"https:\/\/vanha.karelia.fi\/korkeakoulustartti\/wp-json\/wp\/v2\/pages\/1125\/revisions\/1254"}],"wp:attachment":[{"href":"https:\/\/vanha.karelia.fi\/korkeakoulustartti\/wp-json\/wp\/v2\/media?parent=1125"}],"curies":[{"name":"wp","href":"https:\/\/api.w.org\/{rel}","templated":true}]}}