{"id":66,"date":"2018-03-07T14:25:32","date_gmt":"2018-03-07T12:25:32","guid":{"rendered":"https:\/\/vanha.karelia.fi\/korkeakoulustartti\/?page_id=66"},"modified":"2020-12-04T13:42:33","modified_gmt":"2020-12-04T11:42:33","slug":"valmennus","status":"publish","type":"page","link":"https:\/\/vanha.karelia.fi\/korkeakoulustartti\/valmennus\/","title":{"rendered":"Valmennukset"},"content":{"rendered":"<h1><strong>Valmennukset korkeakoulupaikkaa etsiville<\/strong><\/h1>\n<h3><strong><br \/>\nAutamme korkeakoulupaikan l\u00f6yt\u00e4misess\u00e4, jos<br \/>\n<\/strong><\/h3>\n<ul>\n<li>et ole aivan varma, millaista koulutuspaikkaa etsit<\/li>\n<li>tarvitset tietoa my\u00f6s ty\u00f6el\u00e4m\u00e4st\u00e4, eli siit\u00e4, millaisia ty\u00f6teht\u00e4vi\u00e4 korkeakoulutus mahdollistaa<\/li>\n<li>tarvitset vahvistusta opiskelutaitoihin<\/li>\n<li>v\u00e4livuosia on kertynyt mielest\u00e4si riitt\u00e4v\u00e4sti<\/li>\n<li>tarvitset ohjausta ja neuvontaa urasuunnitelmiesi t\u00e4sment\u00e4miseen<\/li>\n<li>olet jostain muusta syyst\u00e4 vailla haluamaasi opiskelupaikkaa<\/li>\n<\/ul>\n<h4><strong>Tarjoamme ohjausta juuri sinulle<br \/>\n<\/strong><\/h4>\n<p>Valmennus on sopiva sinulle, jos olet 18\u201329-vuotias pohjoiskarjalainen ja olet kiinnostunut korkeakouluopinnoista miss\u00e4 tahansa Suomen korkeakouluista.\u00a0Voit osallistua monenlaisiin ohjaus- ja valmennustapahtumiin yksin, ryhm\u00e4ss\u00e4, liven\u00e4 ja et\u00e4n\u00e4. Laadimme kanssasi suunnitelman, johon sis\u00e4llytet\u00e4\u00e4n niit\u00e4 asioita, joista uskot hy\u00f6tyv\u00e4si matkalla kohti seuraavaa hakuaikaa.<\/p>\n<p>Tarjoamme ohjausta urasuunnitelmien tekemisess\u00e4. Se tarkoittaa toisaalta ty\u00f6paikkoihin ja toisaalta koulutusvaihtoehtoihin tutustumista. Autamme l\u00f6yt\u00e4m\u00e4\u00e4n kontakteja ty\u00f6el\u00e4m\u00e4\u00e4n ja j\u00e4rjest\u00e4mme vierailuja ty\u00f6paikoille. Kartoitamme kanssasi koulutusvaihtoehtoja.<\/p>\n<p>Ohjaamme sinua kehitt\u00e4m\u00e4\u00e4n opiskelutaitojasi, jotta valmistautuminen valintakokeisiin sujuisi hyvin. Sek\u00e4 urasuunnitteluun ett\u00e4 opiskelutaitoihin liittyv\u00e4\u00e4 ohjausta voidaan toteuttaa my\u00f6s ryhmiss\u00e4, ota siis kaveri mukaan!<\/p>\n<hr \/>\n<h4><strong>KOHTI KORKEAKOULUOPINTOJA -valmennusryhm\u00e4 syksy 2020<\/strong><\/h4>\n<p><strong>Alkaa torstaina 1.10.2020 klo 16\u201318<\/strong> Karelia-ammattikorkeakoulun kampuksella.<\/p>\n<p>Ryhm\u00e4 kokoontuu 1.10.-17.11. tiistaisin ja torstaisin klo 16\u201318. Valmennukseen kuuluu ryhm\u00e4tapaamisia, henkil\u00f6kohtaisia teht\u00e4vi\u00e4 sek\u00e4 ty\u00f6h\u00f6n ja opintoihin tutustumista. Ryhm\u00e4ss\u00e4 on my\u00f6s mahdollista saada yleist\u00e4 valintakoevalmennusta korkeakoulujen p\u00e4\u00e4sykokeita varten.<\/p>\n<p><strong>Valmennus j\u00e4rjestet\u00e4\u00e4n l\u00e4hitoteutuksena, mutta my\u00f6s et\u00e4osallistuminen on mahdollista!<\/strong> L\u00e4hitoteutuksessa huolehdimme riitt\u00e4vist\u00e4 turvav\u00e4leist\u00e4 sek\u00e4 ohjauksen j\u00e4rjest\u00e4misest\u00e4 niin, ett\u00e4 kaikkien on turvallista osallistua valmennukseen.<\/p>\n<p>Ilmoittaudu mukaan alla olevasta linkist\u00e4 viimeist\u00e4\u00e4n<strong> 29.9. menness\u00e4<\/strong>. Valmennus on maksuton ja on suunnattu 18\u201329-vuotiaille pohjoiskarjalaisille nuorille.<\/p>\n<p><a href=\"https:\/\/link.webropolsurveys.com\/S\/D9F41595BC661752\">https:\/\/link.webropolsurveys.com\/S\/D9F41595BC661752<\/a><\/p>\n<p><strong>Tervetuloa mukaan!<\/strong><\/p>\n<p>&nbsp;<\/p>\n<p>Valmennuksen ohjelma ja kokoontumispaikat:<\/p>\n<p><em>Huom! Ohjelman tarkempi sis\u00e4lt\u00f6 ja paikat voivat viel\u00e4 vaihtua. Ilmoitamme osallistuneille mahdollisista muuttuneista kokoontumispaikoista.<\/em><\/p>\n<ul>\n<li>to 1.10. Valmennuksen aloitus, toiveet ja hankkeen esittely &#8211; E408 Tikkarinne-kampus, Tikkarinne 9, Joensuu<\/li>\n<li>ti 6.10.\u00a0 Itsetuntemus, omat tavoitteet ja omat vahvuudet &#8211; luokka W\u00e4r138 W\u00e4rtsil\u00e4-kampus, Karjalankatu 3, Joensuu<\/li>\n<li>to 8.10. AMK + UEF opiskelun esittelyj\u00e4, P\u00e4iv\u00e4 amk-opiskelijana? &#8211; W\u00e4r138, W\u00e4rtsil\u00e4-kampus<\/li>\n<li>ti 13.10. Lahjakkuuden lajit, tietoa erilaisista opiskeluvaihtoehdoista &#8211; E408, Tikkarinne<\/li>\n<li>to 15.10. Vierailijat, uratarinat &#8211; E408, Tikkarinne<\/li>\n<li>ti 20.10.\u00a0 Opiskeluhyvinvointi &#8211; W\u00e4r138, W\u00e4rtsil\u00e4<\/li>\n<li>to 22.10. Erilaiset oppijat ry., opiskelutekniikat, millainen olen oppijana? &#8211; E408, Tikkarinne<\/li>\n<li>ti 27.10.\u00a0\u00a0Arvot urasuunnittelun taustalla, valmennuksen v\u00e4lipalautteet &#8211; W\u00e4r138, W\u00e4rtsil\u00e4<\/li>\n<li>to 29.10. Oppimisymp\u00e4rist\u00f6jen esittelyj\u00e4 \/Vierailijat &#8211; W\u00e4r138, W\u00e4rtsil\u00e4<\/li>\n<li>ti 3.11.\u00a0\u00a0\u00a0Tulevaisuuden ty\u00f6el\u00e4m\u00e4, ty\u00f6llistyminen &#8211; E408, Tikkarinne<\/li>\n<li>to 5.11. Unelmien tulevaisuuden ty\u00f6paikka &#8211; E408, Tikkarinne<\/li>\n<li>ti 10.11.\u00a0 Tietoa valintakokeista ja vinkkej\u00e4 valintakokeisiin valmistautumiseen &#8211; W\u00e4r138, W\u00e4rtsil\u00e4<\/li>\n<li>to 12.11.\u00a0 Omien vaihtoehtojen puntarointi ja oman jatkosuunnitelman tekeminen &#8211;\u00a0 W\u00e4r138, W\u00e4rtsil\u00e4<\/li>\n<li>ti 17.11. P\u00e4\u00e4t\u00f6skerta \u2013 oma suunnitelma valmis, palautekeskustelu &#8211; E408, Tikkarinne<\/li>\n<\/ul>\n<p>______________________________________________________________________________________________________________________________________<\/p>\n<h3><\/h3>\n<p>&nbsp;<\/p>\n<table style=\"height: 1377px;\" width=\"669\">\n<tbody>\n<tr>\n<td width=\"301\"><\/td>\n<td width=\"301\"><\/td>\n<\/tr>\n<tr>\n<td width=\"301\"><\/td>\n<td width=\"301\"><\/td>\n<\/tr>\n<tr>\n<td width=\"301\"><\/td>\n<td width=\"301\"><\/td>\n<\/tr>\n<tr>\n<td width=\"301\"><\/td>\n<td width=\"301\"><\/td>\n<\/tr>\n<tr>\n<td width=\"301\"><\/td>\n<td width=\"301\"><\/td>\n<\/tr>\n<tr>\n<td width=\"301\"><\/td>\n<td width=\"301\"><\/td>\n<\/tr>\n<tr>\n<td width=\"301\"><\/td>\n<td width=\"301\"><\/td>\n<\/tr>\n<\/tbody>\n<\/table>\n<p>&nbsp;<\/p>\n<p>&nbsp;<\/p>\n<p>&nbsp;<\/p>\n<p>&nbsp;<\/p>\n<p>&nbsp;<\/p>\n<p>&nbsp;<\/p>\n<p>&nbsp;<\/p>\n<p>&nbsp;<\/p>\n<p>&nbsp;<\/p>\n","protected":false},"excerpt":{"rendered":"<p>Valmennukset korkeakoulupaikkaa etsiville Autamme korkeakoulupaikan l\u00f6yt\u00e4misess\u00e4, jos et ole aivan varma, millaista koulutuspaikkaa etsit tarvitset [&hellip;]<\/p>\n","protected":false},"author":3,"featured_media":315,"parent":0,"menu_order":2,"comment_status":"closed","ping_status":"closed","template":"","meta":{"_exactmetrics_skip_tracking":false,"_exactmetrics_sitenote_active":false,"_exactmetrics_sitenote_note":"","_exactmetrics_sitenote_category":0,"footnotes":""},"class_list":["post-66","page","type-page","status-publish","has-post-thumbnail","hentry"],"aioseo_notices":[],"_links":{"self":[{"href":"https:\/\/vanha.karelia.fi\/korkeakoulustartti\/wp-json\/wp\/v2\/pages\/66"}],"collection":[{"href":"https:\/\/vanha.karelia.fi\/korkeakoulustartti\/wp-json\/wp\/v2\/pages"}],"about":[{"href":"https:\/\/vanha.karelia.fi\/korkeakoulustartti\/wp-json\/wp\/v2\/types\/page"}],"author":[{"embeddable":true,"href":"https:\/\/vanha.karelia.fi\/korkeakoulustartti\/wp-json\/wp\/v2\/users\/3"}],"replies":[{"embeddable":true,"href":"https:\/\/vanha.karelia.fi\/korkeakoulustartti\/wp-json\/wp\/v2\/comments?post=66"}],"version-history":[{"count":147,"href":"https:\/\/vanha.karelia.fi\/korkeakoulustartti\/wp-json\/wp\/v2\/pages\/66\/revisions"}],"predecessor-version":[{"id":884,"href":"https:\/\/vanha.karelia.fi\/korkeakoulustartti\/wp-json\/wp\/v2\/pages\/66\/revisions\/884"}],"wp:featuredmedia":[{"embeddable":true,"href":"https:\/\/vanha.karelia.fi\/korkeakoulustartti\/wp-json\/wp\/v2\/media\/315"}],"wp:attachment":[{"href":"https:\/\/vanha.karelia.fi\/korkeakoulustartti\/wp-json\/wp\/v2\/media?parent=66"}],"curies":[{"name":"wp","href":"https:\/\/api.w.org\/{rel}","templated":true}]}}